{"id":13,"date":"2026-01-14T12:39:44","date_gmt":"2026-01-14T12:39:44","guid":{"rendered":"https:\/\/competencesproplus.fr\/?page_id=13"},"modified":"2026-03-24T15:29:20","modified_gmt":"2026-03-24T15:29:20","slug":"home","status":"publish","type":"page","link":"https:\/\/competencesproplus.fr\/","title":{"rendered":"Home"},"content":{"rendered":"\n<div class=\"wp-block-cover alignfull wp-elements-d4ebb0c9b60f0cd1396f03df9b5e948d\" style=\"min-height:720px;aspect-ratio:unset;\"><span aria-hidden=\"true\" class=\"wp-block-cover__background has-ast-global-color-0-background-color has-background-dim-100 has-background-dim\"><\/span><div class=\"wp-block-cover__inner-container is-layout-flow wp-block-cover-is-layout-flow\">\n<div class=\"inherit-container-width wp-block-group alignwide is-layout-constrained wp-block-group-is-layout-constrained\">\n<div class=\"wp-block-media-text has-media-on-the-right is-vertically-aligned-center\" style=\"grid-template-columns:auto 21%\"><div class=\"wp-block-media-text__content\">\n<h3 class=\"wp-block-heading has-text-align-left has-white-color has-text-color\">Mise \u00e0 disposition de comp\u00e9tences &amp; formations<\/h3>\n\n\n\n<p class=\"has-white-color has-text-color\">Nous accompagnons les \u00e9tablissements de la protection de l&#8217;enfance en mettant \u00e0 disposition des professionnels qualifi\u00e9s, engag\u00e9s et form\u00e9s, capables de r\u00e9pondre aux besoins sp\u00e9cifiques du terrain. <\/p>\n\n\n\n<div class=\"wp-block-buttons is-layout-flex wp-block-buttons-is-layout-flex\">\n<div class=\"wp-block-button\"><a class=\"wp-block-button__link has-ast-global-color-1-background-color has-background wp-element-button\" href=\"mailto:contact@competencesproplus.fr?subject=Demande%20d'information&amp;body=Bonjour,\">Nous contacter<\/a><\/div>\n<\/div>\n<\/div><figure class=\"wp-block-media-text__media\"><img loading=\"lazy\" decoding=\"async\" width=\"1024\" height=\"682\" src=\"http:\/\/competencesproplus.fr\/wp-content\/uploads\/2026\/01\/d5142b8e-3ddf-451b-a9b5-8a37de9efb42-1024x682.jpg\" alt=\"\" class=\"wp-image-43 size-full\" srcset=\"https:\/\/competencesproplus.fr\/wp-content\/uploads\/2026\/01\/d5142b8e-3ddf-451b-a9b5-8a37de9efb42-1024x682.jpg 1024w, https:\/\/competencesproplus.fr\/wp-content\/uploads\/2026\/01\/d5142b8e-3ddf-451b-a9b5-8a37de9efb42-300x200.jpg 300w, https:\/\/competencesproplus.fr\/wp-content\/uploads\/2026\/01\/d5142b8e-3ddf-451b-a9b5-8a37de9efb42-768x512.jpg 768w, https:\/\/competencesproplus.fr\/wp-content\/uploads\/2026\/01\/d5142b8e-3ddf-451b-a9b5-8a37de9efb42-1536x1023.jpg 1536w, https:\/\/competencesproplus.fr\/wp-content\/uploads\/2026\/01\/d5142b8e-3ddf-451b-a9b5-8a37de9efb42.jpg 1600w\" sizes=\"auto, (max-width: 1024px) 100vw, 1024px\" \/><\/figure><\/div>\n<\/div>\n<\/div><\/div>\n\n\n\n<div class=\"wp-block-group alignfull is-layout-constrained wp-container-core-group-is-layout-45b0ac4f wp-block-group-is-layout-constrained\" id=\"services\" style=\"padding-top:144px;padding-bottom:0px\">\n<h2 class=\"wp-block-heading\">Nos 3 Piliers<\/h2>\n\n\n\n<div class=\"wp-block-columns is-layout-flex wp-container-core-columns-is-layout-60cbf9bb wp-block-columns-is-layout-flex\" style=\"margin-top:50px\">\n<div class=\"wp-block-column is-layout-flow wp-container-core-column-is-layout-6b73ce23 wp-block-column-is-layout-flow\">\n<figure class=\"wp-block-image size-full\"><img loading=\"lazy\" decoding=\"async\" width=\"1366\" height=\"2048\" src=\"http:\/\/competencesproplus.fr\/wp-content\/uploads\/2026\/01\/7add05d7-6558-436e-892b-5868d0e0e3bf.jpg\" alt=\"\" class=\"wp-image-46\" style=\"aspect-ratio:0.6669797712100373\" srcset=\"https:\/\/competencesproplus.fr\/wp-content\/uploads\/2026\/01\/7add05d7-6558-436e-892b-5868d0e0e3bf.jpg 1366w, https:\/\/competencesproplus.fr\/wp-content\/uploads\/2026\/01\/7add05d7-6558-436e-892b-5868d0e0e3bf-200x300.jpg 200w, https:\/\/competencesproplus.fr\/wp-content\/uploads\/2026\/01\/7add05d7-6558-436e-892b-5868d0e0e3bf-683x1024.jpg 683w, https:\/\/competencesproplus.fr\/wp-content\/uploads\/2026\/01\/7add05d7-6558-436e-892b-5868d0e0e3bf-768x1151.jpg 768w, https:\/\/competencesproplus.fr\/wp-content\/uploads\/2026\/01\/7add05d7-6558-436e-892b-5868d0e0e3bf-1025x1536.jpg 1025w\" sizes=\"auto, (max-width: 1366px) 100vw, 1366px\" \/><\/figure>\n\n\n\n<h3 class=\"wp-block-heading\" style=\"margin-top:16px\">RECRUTER<\/h3>\n\n\n\n<p>Identifier, s\u00e9lectionner et mobiliser des professionnels comp\u00e9tents afin de r\u00e9pondre pr\u00e9cis\u00e9ment aux besoins de chaque \u00e9tablissement.<\/p>\n<\/div>\n\n\n\n<div class=\"wp-block-column is-layout-flow wp-container-core-column-is-layout-6b73ce23 wp-block-column-is-layout-flow\">\n<figure class=\"wp-block-image size-full\"><img loading=\"lazy\" decoding=\"async\" width=\"1066\" height=\"1600\" src=\"http:\/\/competencesproplus.fr\/wp-content\/uploads\/2026\/01\/6b039ad3-d05a-481a-af0e-bd7cde46afc8.jpg\" alt=\"\" class=\"wp-image-45\" style=\"aspect-ratio:0.6662422089672274\" srcset=\"https:\/\/competencesproplus.fr\/wp-content\/uploads\/2026\/01\/6b039ad3-d05a-481a-af0e-bd7cde46afc8.jpg 1066w, https:\/\/competencesproplus.fr\/wp-content\/uploads\/2026\/01\/6b039ad3-d05a-481a-af0e-bd7cde46afc8-200x300.jpg 200w, https:\/\/competencesproplus.fr\/wp-content\/uploads\/2026\/01\/6b039ad3-d05a-481a-af0e-bd7cde46afc8-682x1024.jpg 682w, https:\/\/competencesproplus.fr\/wp-content\/uploads\/2026\/01\/6b039ad3-d05a-481a-af0e-bd7cde46afc8-768x1153.jpg 768w, https:\/\/competencesproplus.fr\/wp-content\/uploads\/2026\/01\/6b039ad3-d05a-481a-af0e-bd7cde46afc8-1023x1536.jpg 1023w\" sizes=\"auto, (max-width: 1066px) 100vw, 1066px\" \/><\/figure>\n\n\n\n<h3 class=\"wp-block-heading\" style=\"margin-top:16px\">FORMER<\/h3>\n\n\n\n<p>D\u00e9velopper les comp\u00e9tences professionnelles et psychosociales gr\u00e2ce \u00e0 une approche pratique, continue et adapt\u00e9e aux r\u00e9alit\u00e9s du terrain.<\/p>\n<\/div>\n\n\n\n<div class=\"wp-block-column is-layout-flow wp-container-core-column-is-layout-6b73ce23 wp-block-column-is-layout-flow\">\n<figure class=\"wp-block-gallery has-nested-images columns-default is-cropped wp-block-gallery-1 is-layout-flex wp-block-gallery-is-layout-flex\">\n<figure class=\"wp-block-image size-full\"><img loading=\"lazy\" decoding=\"async\" width=\"1366\" height=\"2047\" data-id=\"47\" src=\"https:\/\/competencesproplus.fr\/wp-content\/uploads\/2026\/01\/cb0b8c47-94a8-4871-a754-96c2d2acbb0a.jpg\" alt=\"\" class=\"wp-image-47\" srcset=\"https:\/\/competencesproplus.fr\/wp-content\/uploads\/2026\/01\/cb0b8c47-94a8-4871-a754-96c2d2acbb0a.jpg 1366w, https:\/\/competencesproplus.fr\/wp-content\/uploads\/2026\/01\/cb0b8c47-94a8-4871-a754-96c2d2acbb0a-200x300.jpg 200w, https:\/\/competencesproplus.fr\/wp-content\/uploads\/2026\/01\/cb0b8c47-94a8-4871-a754-96c2d2acbb0a-683x1024.jpg 683w, https:\/\/competencesproplus.fr\/wp-content\/uploads\/2026\/01\/cb0b8c47-94a8-4871-a754-96c2d2acbb0a-768x1151.jpg 768w, https:\/\/competencesproplus.fr\/wp-content\/uploads\/2026\/01\/cb0b8c47-94a8-4871-a754-96c2d2acbb0a-1025x1536.jpg 1025w\" sizes=\"auto, (max-width: 1366px) 100vw, 1366px\" \/><\/figure>\n<\/figure>\n\n\n\n<h3 class=\"wp-block-heading\" style=\"margin-top:16px\">MOBILISER<\/h3>\n\n\n\n<p>Intervenir efficacement pour soutenir les \u00e9quipes, stabiliser les situations complexes et garantir un environnement s\u00e9curisant pour les jeunes.<\/p>\n<\/div>\n<\/div>\n<\/div>\n\n\n\n<div class=\"wp-block-group alignfull has-ast-global-color-5-background-color has-background is-layout-constrained wp-container-core-group-is-layout-94d206d0 wp-block-group-is-layout-constrained\" id=\"about\" style=\"padding-top:143px;padding-bottom:144px\">\n<div class=\"wp-block-media-text has-media-on-the-right is-stacked-on-mobile is-vertically-aligned-center\" style=\"grid-template-columns:auto 33%\"><div class=\"wp-block-media-text__content\">\n<div class=\"inherit-container-width wp-block-group is-layout-constrained wp-container-core-group-is-layout-47ce07ec wp-block-group-is-layout-constrained\" style=\"padding-right:80px\">\n<h2 class=\"wp-block-heading\" style=\"padding-right:40px\">\u00c0 qui nous nous adressons <\/h2>\n\n\n\n<p>Des professionnels au service des \u00e9tablissements.<\/p>\n\n\n\n<ul class=\"wp-block-list\">\n<li>\u00c9tablissements de la protection de l&#8217;enfance<\/li>\n\n\n\n<li>Structure \u00e9ducatives et sociales<\/li>\n\n\n\n<li>Maisons d&#8217;enfants <\/li>\n\n\n\n<li>Dispositifs d&#8217;accueil et d&#8217;accompagnement<\/li>\n<\/ul>\n<\/div>\n<\/div><figure class=\"wp-block-media-text__media\"><img loading=\"lazy\" decoding=\"async\" width=\"725\" height=\"1024\" src=\"http:\/\/competencesproplus.fr\/wp-content\/uploads\/2026\/01\/affiche-b2-725x1024.png\" alt=\"\" class=\"wp-image-49 size-full\" srcset=\"https:\/\/competencesproplus.fr\/wp-content\/uploads\/2026\/01\/affiche-b2-725x1024.png 725w, https:\/\/competencesproplus.fr\/wp-content\/uploads\/2026\/01\/affiche-b2-212x300.png 212w, https:\/\/competencesproplus.fr\/wp-content\/uploads\/2026\/01\/affiche-b2-768x1085.png 768w, https:\/\/competencesproplus.fr\/wp-content\/uploads\/2026\/01\/affiche-b2-1087x1536.png 1087w, https:\/\/competencesproplus.fr\/wp-content\/uploads\/2026\/01\/affiche-b2.png 1418w\" sizes=\"auto, (max-width: 725px) 100vw, 725px\" \/><\/figure><\/div>\n<\/div>\n\n\n\n<div class=\"wp-block-group alignfull has-ast-global-color-0-background-color has-background is-layout-constrained wp-container-core-group-is-layout-6a2cfb7b wp-block-group-is-layout-constrained\" id=\"reviews\">\n<figure class=\"wp-block-image aligncenter size-full is-resized has-custom-border is-style-rounded\" style=\"margin-top:0;margin-bottom:0\"><img loading=\"lazy\" decoding=\"async\" width=\"798\" height=\"798\" src=\"http:\/\/competencesproplus.fr\/wp-content\/uploads\/2026\/01\/image.png\" alt=\"\" class=\"wp-image-51\" style=\"border-top-left-radius:0px;border-top-right-radius:0px;border-bottom-left-radius:0px;border-bottom-right-radius:0px;aspect-ratio:0.6662502602540079;width:111px;height:auto\" srcset=\"https:\/\/competencesproplus.fr\/wp-content\/uploads\/2026\/01\/image.png 798w, https:\/\/competencesproplus.fr\/wp-content\/uploads\/2026\/01\/image-300x300.png 300w, https:\/\/competencesproplus.fr\/wp-content\/uploads\/2026\/01\/image-150x150.png 150w, https:\/\/competencesproplus.fr\/wp-content\/uploads\/2026\/01\/image-768x768.png 768w\" sizes=\"auto, (max-width: 798px) 100vw, 798px\" \/><\/figure>\n\n\n\n<p class=\"has-text-align-center has-ast-global-color-5-color has-text-color has-link-color wp-elements-74f51bb30a329e8b538e28cb219a6994\" style=\"font-size:22px;line-height:1.6\">\u201cComp\u00e9tencesPro+ est n\u00e9e de la conviction que la qualit\u00e9 de l&#8217;accompagnement passe avant tout par des professionnels comp\u00e9tents, engag\u00e9s et soutenus dans leur mission au quotidien.&#8221;<\/p>\n\n\n\n<p class=\"has-text-align-center has-ast-global-color-1-color has-text-color has-link-color has-medium-font-size wp-elements-69c6da12fb7ab4fb54fae9784754796a\">Karim KHENICHE<\/p>\n<\/div>\n\n\n\n<div class=\"wp-block-group alignfull has-ast-global-color-5-color has-ast-global-color-5-background-color has-text-color has-background has-link-color wp-elements-3e6b59d8266bb73332e33f05973b405f is-layout-constrained wp-container-core-group-is-layout-cfcca693 wp-block-group-is-layout-constrained\" id=\"contact\" style=\"padding-top:104px;padding-bottom:104px\">\n<h2 class=\"wp-block-heading has-text-align-center has-ast-global-color-0-color has-text-color\">Notre priorit\u00e9, vous offrir des solutions fiables et adapt\u00e9es.<\/h2>\n\n\n\n<div class=\"wp-block-buttons alignwide is-horizontal is-content-justification-center is-layout-flex wp-container-core-buttons-is-layout-bba8380a wp-block-buttons-is-layout-flex\" style=\"margin-top:50px\">\n<div class=\"wp-block-button\"><a class=\"wp-block-button__link has-ast-global-color-1-background-color has-background wp-element-button\" href=\"https:\/\/competencesproplus.fr\/index.php\/contact\/\" rel=\"https:\/\/competencesproplus.fr\/index.php\/contact\/\">Je veux \u00e9changer avec vous<\/a><\/div>\n<\/div>\n\n\n\n<p><\/p>\n<\/div>\n","protected":false},"excerpt":{"rendered":"<p>Nos 3 Piliers RECRUTER Identifier, s\u00e9lectionner et mobiliser des professionnels comp\u00e9tents afin de r\u00e9pondre pr\u00e9cis\u00e9ment aux besoins de chaque \u00e9tablissement. [&hellip;]<\/p>\n","protected":false},"author":1,"featured_media":0,"parent":0,"menu_order":0,"comment_status":"closed","ping_status":"closed","template":"","meta":{"site-sidebar-layout":"no-sidebar","site-content-layout":"plain-container","ast-site-content-layout":"default","site-content-style":"default","site-sidebar-style":"default","ast-global-header-display":"","ast-banner-title-visibility":"","ast-main-header-display":"","ast-hfb-above-header-display":"","ast-hfb-below-header-display":"","ast-hfb-mobile-header-display":"","site-post-title":"disabled","ast-breadcrumbs-content":"","ast-featured-img":"disabled","footer-sml-layout":"","ast-disable-related-posts":"","theme-transparent-header-meta":"enabled","adv-header-id-meta":"","stick-header-meta":"","header-above-stick-meta":"","header-main-stick-meta":"","header-below-stick-meta":"","astra-migrate-meta-layouts":"default","ast-page-background-enabled":"default","ast-page-background-meta":{"desktop":{"background-color":"var(--ast-global-color-5)","background-image":"","background-repeat":"repeat","background-position":"center center","background-size":"auto","background-attachment":"scroll","background-type":"","background-media":"","overlay-type":"","overlay-color":"","overlay-opacity":"","overlay-gradient":""},"tablet":{"background-color":"","background-image":"","background-repeat":"repeat","background-position":"center center","background-size":"auto","background-attachment":"scroll","background-type":"","background-media":"","overlay-type":"","overlay-color":"","overlay-opacity":"","overlay-gradient":""},"mobile":{"background-color":"","background-image":"","background-repeat":"repeat","background-position":"center center","background-size":"auto","background-attachment":"scroll","background-type":"","background-media":"","overlay-type":"","overlay-color":"","overlay-opacity":"","overlay-gradient":""}},"ast-content-background-meta":{"desktop":{"background-color":"var(--ast-global-color-4)","background-image":"","background-repeat":"repeat","background-position":"center center","background-size":"auto","background-attachment":"scroll","background-type":"","background-media":"","overlay-type":"","overlay-color":"","overlay-opacity":"","overlay-gradient":""},"tablet":{"background-color":"var(--ast-global-color-4)","background-image":"","background-repeat":"repeat","background-position":"center center","background-size":"auto","background-attachment":"scroll","background-type":"","background-media":"","overlay-type":"","overlay-color":"","overlay-opacity":"","overlay-gradient":""},"mobile":{"background-color":"var(--ast-global-color-4)","background-image":"","background-repeat":"repeat","background-position":"center center","background-size":"auto","background-attachment":"scroll","background-type":"","background-media":"","overlay-type":"","overlay-color":"","overlay-opacity":"","overlay-gradient":""}},"footnotes":""},"class_list":["post-13","page","type-page","status-publish","hentry"],"_links":{"self":[{"href":"https:\/\/competencesproplus.fr\/index.php\/wp-json\/wp\/v2\/pages\/13","targetHints":{"allow":["GET"]}}],"collection":[{"href":"https:\/\/competencesproplus.fr\/index.php\/wp-json\/wp\/v2\/pages"}],"about":[{"href":"https:\/\/competencesproplus.fr\/index.php\/wp-json\/wp\/v2\/types\/page"}],"author":[{"embeddable":true,"href":"https:\/\/competencesproplus.fr\/index.php\/wp-json\/wp\/v2\/users\/1"}],"replies":[{"embeddable":true,"href":"https:\/\/competencesproplus.fr\/index.php\/wp-json\/wp\/v2\/comments?post=13"}],"version-history":[{"count":21,"href":"https:\/\/competencesproplus.fr\/index.php\/wp-json\/wp\/v2\/pages\/13\/revisions"}],"predecessor-version":[{"id":145,"href":"https:\/\/competencesproplus.fr\/index.php\/wp-json\/wp\/v2\/pages\/13\/revisions\/145"}],"wp:attachment":[{"href":"https:\/\/competencesproplus.fr\/index.php\/wp-json\/wp\/v2\/media?parent=13"}],"curies":[{"name":"wp","href":"https:\/\/api.w.org\/{rel}","templated":true}]}}